{"id":958,"date":"2024-04-18T18:26:00","date_gmt":"2024-04-18T17:26:00","guid":{"rendered":"https:\/\/yyaesta.com\/?page_id=958"},"modified":"2024-04-18T18:34:56","modified_gmt":"2024-04-18T17:34:56","slug":"plan-de-autopublicacion-en-amazon","status":"publish","type":"page","link":"https:\/\/yyaesta.com\/index.php\/plan-de-autopublicacion-en-amazon\/","title":{"rendered":"Plan de Autopublicaci\u00f3n en Amazon"},"content":{"rendered":"\t\t<div data-elementor-type=\"wp-page\" data-elementor-id=\"958\" class=\"elementor elementor-958\">\n\t\t\t\t<div class=\"elementor-element elementor-element-71991f5d e-flex e-con-boxed e-con e-parent\" data-id=\"71991f5d\" data-element_type=\"container\" data-e-type=\"container\">\n\t\t\t\t\t<div class=\"e-con-inner\">\n\t\t\t\t<div class=\"elementor-element elementor-element-2d966430 elementor-widget elementor-widget-text-editor\" data-id=\"2d966430\" data-element_type=\"widget\" data-e-type=\"widget\" data-widget_type=\"text-editor.default\">\n\t\t\t\t<div class=\"elementor-widget-container\">\n\t\t\t\t\t\t\t\t\t\n<p>Este plan est\u00e1 dise\u00f1ado espec\u00edficamente para autores que desean controlar completamente su proceso de publicaci\u00f3n en Amazon, uno de los mercados m\u00e1s grandes para libros en el mundo. Nosotros nos encargamos de los detalles t\u00e9cnicos y log\u00edsticos para que t\u00fa puedas enfocarte en la promoci\u00f3n y venta de tu libro.<\/p>\n\t\t\t\t\t\t\t\t<\/div>\n\t\t\t\t<\/div>\n\t\t\t\t\t<\/div>\n\t\t\t\t<\/div>\n\t\t<div class=\"elementor-element elementor-element-f2c8459 e-flex e-con-boxed e-con e-parent\" data-id=\"f2c8459\" data-element_type=\"container\" data-e-type=\"container\">\n\t\t\t\t\t<div class=\"e-con-inner\">\n\t\t\t\t<div class=\"elementor-element elementor-element-19e9f9b elementor-widget elementor-widget-image\" data-id=\"19e9f9b\" data-element_type=\"widget\" data-e-type=\"widget\" data-widget_type=\"image.default\">\n\t\t\t\t<div class=\"elementor-widget-container\">\n\t\t\t\t\t\t\t\t\t\t\t\t\t\t\t<img fetchpriority=\"high\" decoding=\"async\" width=\"300\" height=\"300\" src=\"https:\/\/yyaesta.com\/wp-content\/uploads\/2024\/04\/Autopublicacion-amazon.svg\" class=\"attachment-large size-large wp-image-954\" alt=\"\" \/>\t\t\t\t\t\t\t\t\t\t\t\t\t\t\t<\/div>\n\t\t\t\t<\/div>\n\t\t\t\t<div class=\"elementor-element elementor-element-7eea342 elementor-widget elementor-widget-text-editor\" data-id=\"7eea342\" data-element_type=\"widget\" data-e-type=\"widget\" data-widget_type=\"text-editor.default\">\n\t\t\t\t<div class=\"elementor-widget-container\">\n\t\t\t\t\t\t\t\t\t<p class=\"MsoNormal\"><b><span style=\"font-size: 14.0pt; line-height: 107%;\">Servicios Incluidos:<\/span><\/b><\/p>\n<ul style=\"margin-top: 0cm;\" type=\"disc\">\n<li class=\"MsoNormal\"><b><span style=\"font-size: 14.0pt; line-height: 107%;\">Maquetaci\u00f3n Profesional:<\/span><\/b><span style=\"font-size: 14.0pt; line-height: 107%;\"> Adaptamos tu manuscrito para su publicaci\u00f3n tanto en formato eBook como en tapa blanda.<\/span><\/li>\n<li class=\"MsoNormal\"><b><span style=\"font-size: 14.0pt; line-height: 107%;\">Correcci\u00f3n Ortotipogr\u00e1fica y de Estilo:<\/span><\/b><span style=\"font-size: 14.0pt; line-height: 107%;\"> Aseguramos que el texto est\u00e9 libre de errores y optimizado para tu audiencia.<\/span><\/li>\n<li class=\"MsoNormal\"><b><span style=\"font-size: 14.0pt; line-height: 107%;\">Dise\u00f1o de Portada:<\/span><\/b><span style=\"font-size: 14.0pt; line-height: 107%;\"> Desarrollamos una portada visualmente atractiva que capte la atenci\u00f3n en Amazon.<\/span><\/li>\n<li class=\"MsoNormal\"><b><span style=\"font-size: 14.0pt; line-height: 107%;\">Creaci\u00f3n de Cuenta en Amazon y Subida del Libro:<\/span><\/b><span style=\"font-size: 14.0pt; line-height: 107%;\"> Configuramos todo para que el libro est\u00e9 disponible para la compra en formatos eBook y tapa blanda.<\/span><\/li>\n<li class=\"MsoNormal\"><b><span style=\"font-size: 14.0pt; line-height: 107%;\">Entrega de Contrase\u00f1as y Gesti\u00f3n Completa al Autor:<\/span><\/b><span style=\"font-size: 14.0pt; line-height: 107%;\"> Una vez que el libro est\u00e9 publicado, te proporcionamos todas las credenciales de acceso para que tengas control total sobre tu producto.<\/span><\/li>\n<li class=\"MsoNormal\"><b><span style=\"font-size: 14.0pt; line-height: 107%;\">Maquetaci\u00f3n de eBook Gratis:<\/span><\/b><span style=\"font-size: 14.0pt; line-height: 107%;\"> Si decides publicar en formato de tapa blanda, incluimos la maquetaci\u00f3n del eBook sin costo adicional.<\/span><\/li>\n<\/ul>\n<p class=\"MsoNormal\"><b><span style=\"font-size: 14.0pt; line-height: 107%;\">Costo:<\/span><\/b><span style=\"font-size: 14.0pt; line-height: 107%;\"> Este plan tiene un costo fijo que se determinar\u00e1 seg\u00fan las especificaciones del manuscrito y los servicios adicionales requeridos.<\/span><\/p>\n<p class=\"MsoNormal\"><b><span style=\"font-size: 14.0pt; line-height: 107%;\">Beneficios del Plan de Autopublicaci\u00f3n en Amazon:<\/span><\/b><\/p>\n<ul style=\"margin-top: 0cm;\" type=\"disc\">\n<li class=\"MsoNormal\"><b><span style=\"font-size: 14.0pt; line-height: 107%;\">Control Total:<\/span><\/b><span style=\"font-size: 14.0pt; line-height: 107%;\"> No retenemos ning\u00fan porcentaje de tus ventas. Una vez que tu libro est\u00e9 publicado, todos los ingresos generados por las ventas son completamente tuyos.<\/span><\/li>\n<li class=\"MsoNormal\"><b><span style=\"font-size: 14.0pt; line-height: 107%;\">Independencia:<\/span><\/b><span style=\"font-size: 14.0pt; line-height: 107%;\"> Gestionas tu propia cuenta de Amazon y tienes el control total sobre la estrategia de precios, promociones y actualizaciones de tu libro.<\/span><\/li>\n<li class=\"MsoNormal\"><b><span style=\"font-size: 14.0pt; line-height: 107%;\">Visibilidad:<\/span><\/b><span style=\"font-size: 14.0pt; line-height: 107%;\"> Aprovecha la enorme plataforma de Amazon para llegar a lectores en todo el mundo.<\/span><\/li>\n<\/ul>\n<p class=\"MsoNormal\"><b><span style=\"font-size: 14.0pt; line-height: 107%;\">Consideraciones Finales:<\/span><\/b><span style=\"font-size: 14.0pt; line-height: 107%;\"> Este plan es ideal para autores que buscan una soluci\u00f3n sencilla y efectiva para autopublicar sus libros sin comprometer la independencia. Proporcionamos todos los servicios necesarios para que tu libro est\u00e9 listo para la venta, pero el control final y los beneficios son completamente tuyos.<\/span><\/p>\n<p>\u00a0<\/p>\n<p class=\"MsoNormal\"><b><span style=\"font-size: 14.0pt; line-height: 107%;\">\u00a1Empieza tu viaje de autopublicaci\u00f3n con nosotros hoy y toma el control total de tu obra! Env\u00eda tu manuscrito para una revisi\u00f3n gratuita y obt\u00e9n un presupuesto personalizado.<\/span><\/b><\/p>\t\t\t\t\t\t\t\t<\/div>\n\t\t\t\t<\/div>\n\t\t\t\t\t<\/div>\n\t\t\t\t<\/div>\n\t\t<div class=\"elementor-element elementor-element-0f0d247 e-flex e-con-boxed e-con e-parent\" data-id=\"0f0d247\" data-element_type=\"container\" data-e-type=\"container\">\n\t\t\t\t\t<div class=\"e-con-inner\">\n\t\t\t\t<div class=\"elementor-element elementor-element-b059b4c elementor-widget elementor-widget-wpforms\" data-id=\"b059b4c\" data-element_type=\"widget\" data-e-type=\"widget\" data-widget_type=\"wpforms.default\">\n\t\t\t\t<div class=\"elementor-widget-container\">\n\t\t\t\t\t<div class=\"wpforms-container \" id=\"wpforms-647\"><form id=\"wpforms-form-647\" class=\"wpforms-validate wpforms-form wpforms-ajax-form\" data-formid=\"647\" method=\"post\" enctype=\"multipart\/form-data\" action=\"\/index.php\/wp-json\/wp\/v2\/pages\/958\" data-token=\"ae19274edb7c87f0c58355b4257e13b6\" data-token-time=\"1777503275\"><noscript class=\"wpforms-error-noscript\">Por favor, activa JavaScript en tu navegador para completar este formulario.<\/noscript><div class=\"wpforms-field-container\"><div id=\"wpforms-647-field_1-container\" class=\"wpforms-field wpforms-field-text\" data-field-id=\"1\"><label class=\"wpforms-field-label wpforms-label-hide\" for=\"wpforms-647-field_1\">Nombre <span class=\"wpforms-required-label\">*<\/span><\/label><input type=\"text\" id=\"wpforms-647-field_1\" class=\"wpforms-field-large wpforms-field-required\" name=\"wpforms[fields][1]\" placeholder=\"Nombre\" required><\/div><div id=\"wpforms-647-field_2-container\" class=\"wpforms-field wpforms-field-text\" data-field-id=\"2\"><label class=\"wpforms-field-label wpforms-label-hide\" for=\"wpforms-647-field_2\">Email <span class=\"wpforms-required-label\">*<\/span><\/label><input type=\"text\" id=\"wpforms-647-field_2\" class=\"wpforms-field-large wpforms-field-required\" name=\"wpforms[fields][2]\" placeholder=\"Email\" required><\/div><div id=\"wpforms-647-field_3-container\" class=\"wpforms-field wpforms-field-text\" data-field-id=\"3\"><label class=\"wpforms-field-label wpforms-label-hide\" for=\"wpforms-647-field_3\">Asunto <span class=\"wpforms-required-label\">*<\/span><\/label><input type=\"text\" id=\"wpforms-647-field_3\" class=\"wpforms-field-large wpforms-field-required\" name=\"wpforms[fields][3]\" placeholder=\"Asunto\" required><\/div><div id=\"wpforms-647-field_4-container\" class=\"wpforms-field wpforms-field-textarea\" data-field-id=\"4\"><label class=\"wpforms-field-label wpforms-label-hide\" for=\"wpforms-647-field_4\">Mensaje<\/label><textarea id=\"wpforms-647-field_4\" class=\"wpforms-field-medium\" name=\"wpforms[fields][4]\" placeholder=\"Mensaje\" ><\/textarea><\/div><\/div><!-- .wpforms-field-container --><div class=\"wpforms-submit-container\" ><input type=\"hidden\" name=\"wpforms[id]\" value=\"647\"><input type=\"hidden\" name=\"page_title\" value=\"\"><input type=\"hidden\" name=\"page_url\" value=\"https:\/\/yyaesta.com\/index.php\/wp-json\/wp\/v2\/pages\/958\"><input type=\"hidden\" name=\"url_referer\" value=\"\"><button type=\"submit\" name=\"wpforms[submit]\" id=\"wpforms-submit-647\" class=\"wpforms-submit\" data-alt-text=\"Enviando...\" data-submit-text=\"Enviar Mensaje\" aria-live=\"assertive\" value=\"wpforms-submit\">Enviar Mensaje<\/button><img decoding=\"async\" src=\"https:\/\/yyaesta.com\/wp-content\/plugins\/wpforms-lite\/assets\/images\/submit-spin.svg\" class=\"wpforms-submit-spinner\" style=\"display: none;\" width=\"26\" height=\"26\" alt=\"Cargando\"><\/div><\/form><\/div>  <!-- .wpforms-container -->\t\t\t\t<\/div>\n\t\t\t\t<\/div>\n\t\t\t\t\t<\/div>\n\t\t\t\t<\/div>\n\t\t\t\t<\/div>\n\t\t","protected":false},"excerpt":{"rendered":"<p>Este plan est\u00e1 dise\u00f1ado espec\u00edficamente para autores que desean controlar completamente su proceso de publicaci\u00f3n en Amazon, uno de los mercados m\u00e1s grandes para libros en el mundo. Nosotros nos encargamos de los detalles t\u00e9cnicos y log\u00edsticos para que t\u00fa puedas enfocarte en la promoci\u00f3n y venta de tu libro. Servicios Incluidos: Maquetaci\u00f3n Profesional: Adaptamos [&hellip;]<\/p>\n","protected":false},"author":1,"featured_media":954,"parent":0,"menu_order":0,"comment_status":"closed","ping_status":"closed","template":"","meta":{"om_disable_all_campaigns":false,"_uag_custom_page_level_css":"","_monsterinsights_skip_tracking":false,"_monsterinsights_sitenote_active":false,"_monsterinsights_sitenote_note":"","_monsterinsights_sitenote_category":0,"_uf_show_specific_survey":0,"_uf_disable_surveys":false,"site-sidebar-layout":"default","site-content-layout":"","ast-site-content-layout":"default","site-content-style":"default","site-sidebar-style":"default","ast-global-header-display":"","ast-banner-title-visibility":"","ast-main-header-display":"","ast-hfb-above-header-display":"","ast-hfb-below-header-display":"","ast-hfb-mobile-header-display":"","site-post-title":"","ast-breadcrumbs-content":"","ast-featured-img":"","footer-sml-layout":"","ast-disable-related-posts":"","theme-transparent-header-meta":"","adv-header-id-meta":"","stick-header-meta":"","header-above-stick-meta":"","header-main-stick-meta":"","header-below-stick-meta":"","astra-migrate-meta-layouts":"set","ast-page-background-enabled":"default","ast-page-background-meta":{"desktop":{"background-color":"var(--ast-global-color-4)","background-image":"","background-repeat":"repeat","background-position":"center center","background-size":"auto","background-attachment":"scroll","background-type":"","background-media":"","overlay-type":"","overlay-color":"","overlay-opacity":"","overlay-gradient":""},"tablet":{"background-color":"","background-image":"","background-repeat":"repeat","background-position":"center center","background-size":"auto","background-attachment":"scroll","background-type":"","background-media":"","overlay-type":"","overlay-color":"","overlay-opacity":"","overlay-gradient":""},"mobile":{"background-color":"","background-image":"","background-repeat":"repeat","background-position":"center center","background-size":"auto","background-attachment":"scroll","background-type":"","background-media":"","overlay-type":"","overlay-color":"","overlay-opacity":"","overlay-gradient":""}},"ast-content-background-meta":{"desktop":{"background-color":"var(--ast-global-color-5)","background-image":"","background-repeat":"repeat","background-position":"center center","background-size":"auto","background-attachment":"scroll","background-type":"","background-media":"","overlay-type":"","overlay-color":"","overlay-opacity":"","overlay-gradient":""},"tablet":{"background-color":"var(--ast-global-color-5)","background-image":"","background-repeat":"repeat","background-position":"center center","background-size":"auto","background-attachment":"scroll","background-type":"","background-media":"","overlay-type":"","overlay-color":"","overlay-opacity":"","overlay-gradient":""},"mobile":{"background-color":"var(--ast-global-color-5)","background-image":"","background-repeat":"repeat","background-position":"center center","background-size":"auto","background-attachment":"scroll","background-type":"","background-media":"","overlay-type":"","overlay-color":"","overlay-opacity":"","overlay-gradient":""}},"footnotes":""},"class_list":["post-958","page","type-page","status-publish","has-post-thumbnail","hentry"],"aioseo_notices":[],"uagb_featured_image_src":{"full":["https:\/\/yyaesta.com\/wp-content\/uploads\/2024\/04\/Autopublicacion-amazon.svg",300,300,false],"thumbnail":["https:\/\/yyaesta.com\/wp-content\/uploads\/2024\/04\/Autopublicacion-amazon.svg",150,150,false],"medium":["https:\/\/yyaesta.com\/wp-content\/uploads\/2024\/04\/Autopublicacion-amazon.svg",300,300,false],"medium_large":["https:\/\/yyaesta.com\/wp-content\/uploads\/2024\/04\/Autopublicacion-amazon.svg",300,300,false],"large":["https:\/\/yyaesta.com\/wp-content\/uploads\/2024\/04\/Autopublicacion-amazon.svg",300,300,false],"1536x1536":["https:\/\/yyaesta.com\/wp-content\/uploads\/2024\/04\/Autopublicacion-amazon.svg",300,300,false],"2048x2048":["https:\/\/yyaesta.com\/wp-content\/uploads\/2024\/04\/Autopublicacion-amazon.svg",300,300,false]},"uagb_author_info":{"display_name":"Editorial Y Ya Est\u00e1","author_link":"https:\/\/yyaesta.com\/index.php\/author\/robinsonmatty21\/"},"uagb_comment_info":0,"uagb_excerpt":"Este plan est\u00e1 dise\u00f1ado espec\u00edficamente para autores que desean controlar completamente su proceso de publicaci\u00f3n en Amazon, uno de los mercados m\u00e1s grandes para libros en el mundo. Nosotros nos encargamos de los detalles t\u00e9cnicos y log\u00edsticos para que t\u00fa puedas enfocarte en la promoci\u00f3n y venta de tu libro. Servicios Incluidos: Maquetaci\u00f3n Profesional: Adaptamos&hellip;","_links":{"self":[{"href":"https:\/\/yyaesta.com\/index.php\/wp-json\/wp\/v2\/pages\/958","targetHints":{"allow":["GET"]}}],"collection":[{"href":"https:\/\/yyaesta.com\/index.php\/wp-json\/wp\/v2\/pages"}],"about":[{"href":"https:\/\/yyaesta.com\/index.php\/wp-json\/wp\/v2\/types\/page"}],"author":[{"embeddable":true,"href":"https:\/\/yyaesta.com\/index.php\/wp-json\/wp\/v2\/users\/1"}],"replies":[{"embeddable":true,"href":"https:\/\/yyaesta.com\/index.php\/wp-json\/wp\/v2\/comments?post=958"}],"version-history":[{"count":7,"href":"https:\/\/yyaesta.com\/index.php\/wp-json\/wp\/v2\/pages\/958\/revisions"}],"predecessor-version":[{"id":965,"href":"https:\/\/yyaesta.com\/index.php\/wp-json\/wp\/v2\/pages\/958\/revisions\/965"}],"wp:featuredmedia":[{"embeddable":true,"href":"https:\/\/yyaesta.com\/index.php\/wp-json\/wp\/v2\/media\/954"}],"wp:attachment":[{"href":"https:\/\/yyaesta.com\/index.php\/wp-json\/wp\/v2\/media?parent=958"}],"curies":[{"name":"wp","href":"https:\/\/api.w.org\/{rel}","templated":true}]}}